
29
Suppose -24 = 2*q - 4*q. Calculate the remainder when 35 is divided by q.
11
Let g(r) = -13*r**2 + 4*r - 3. Let t be g(2). Let l = t - -78. Let x = l + -17. What is the remainder when x is divided by 5?
4
Suppose 8*v - 46 = 138. Calculate the remainder when 43 is divided by v.
20
Let l(q) = q**3 - 4*q**2 + 2. Let m be l(4). Suppose -3*d - 22 = -2*d + 5*y, m*d - 5*y - 31 = 0. Calculate the remainder when 3 is divided by d.
0
Let p = -4 - -7. Let a(i) = 2*i**2 + 3*i - 2. Calculate the remainder when a(p) is divided by (2 - (2 - 1))*13.
12
Let m(c) be the third derivative of c**4/24 + 4*c**3/3 + c**2. Suppose -11 + 104 = 3*y. Calculate the remainder when y is divided by m(0).
7
Let f = 59 - 18. Suppose 3*d + d - 5*i = f, -4*i - 16 = d. Suppose -19 = y - d*y + 4*g, -4*y - 3*g = -42. Calculate the remainder when y is divided by 3.
0
Let k(m) = m**2 + m + 3. Let t be k(0). What is the remainder when (-7)/(24/9 - t) is divided by 1 + 1 + (9 - 0)?
10
Suppose -s - 2*s = -15. Suppose t + 2 = s. Calculate the remainder when 1 + (1 - -1) - -2 is divided by t.
2
Suppose -3*v - l + 96 = 0, 0*v - 4*v = -4*l - 112. Suppose -2*o + 87 = q, -4*q = 3*o - 52 - 76. Calculate the remainder when v is divided by (0 - -1)/(4/o).
9
Suppose -3*u + 16 - 142 = 0. Calculate the remainder when 21 is divided by 12/16 + u/(-8).
3
Let i(w) = -2*w + 12. Let d be i(0). Let s(f) = -2*f - 4 + 0*f + 3*f. What is the remainder when 31 is divided by s(d)?
7
Let m(n) = -n**3 - n**2 + 4. Let y(t) = -t + 7. What is the remainder when m(-4) is divided by y(-11)?
16
Suppose 0 = -2*v - 2*r + 186, 6*v - v - 500 = 2*r. Calculate the remainder when v is divided by 20.
18
Let x = -54 + 76. Calculate the remainder when 43 is divided by x.
21
Let g = -86 - -150. Calculate the remainder when g is divided by 13.
12
Let k = -92 + 108. Calculate the remainder when k is divided by 15.
1
Let x(y) = -y**2 - 15*y + 4. Calculate the remainder when x(-12) is divided by 22.
18
Suppose 0 = -5*w - 2*g + 22, 4*g = 5*w - g - 15. Suppose -w*f + 6 = -2. Calculate the remainder when 8 is divided by f.
0
Let k(w) = -3 + 2*w + 0*w + 3 - 1. What is the remainder when k(6) is divided by 7?
4
Let r(f) = 4*f - 4. Let a be r(5). Let b = -9 + a. What is the remainder when 18 is divided by b?
4
Suppose 3*r - 54 = -12. Let q(u) be the third derivative of u**5/60 - u**4/6 - 7*u**3/6 - 2*u**2. What is the remainder when r is divided by q(6)?
4
Suppose 3*o = 6*o + 6. What is the remainder when (o/(-6))/(1/42) is divided by 4?
2
Suppose 172*h = 169*h + 48. What is the remainder when 26 is divided by h?
10
Let x(g) = 3*g**2 + 4*g. Let c be x(-3). Let j = c - 8. Calculate the remainder when 18 is divided by j.
4
Suppose u - 7 = 4. What is the remainder when 30 is divided by u?
8
Suppose -4*l + 3*h + 99 = 0, -1 - 24 = 5*h. Calculate the remainder when 60 is divided by l.
18
Suppose -2*u + 2*i + i = -23, 4*i + 16 = -u. What is the remainder when 14 is divided by u?
2
Let r be -2 + (1 - 0) + 7. Let y(u) = 20*u - 4. Let g be y(r). Let x = g + -81. Calculate the remainder when x is divided by 12.
11
Let g(n) = 8*n**3 + 2*n - 1. Let s be g(1). Let x = s - 4. Suppose 3*o = 2*m - 19 - 7, -77 = -3*m - x*o. What is the remainder when 56 is divided by m?
18
Let j(i) = -i**3 + 6*i**2 - i + 6. Let k be j(6). Let x(l) = -l + 11. Calculate the remainder when 32 is divided by x(k).
10
Let j = 18 - 7. What is the remainder when 42 is divided by j?
9
Let x(h) = 79*h**3 - 1. Let y be x(1). Suppose 3*j - y = 2*j. Calculate the remainder when 55 is divided by j/4 - (-1)/(-2).
17
Calculate the remainder when 50 is divided by (-17)/(-3)*-1*-3.
16
Suppose 274 = 3*r - 65. Calculate the remainder when r is divided by 23.
21
Let b = -29 - -70. Let x = 30 - 15. What is the remainder when b is divided by x?
11
Let o be (-2)/(5/((-90)/(-4))). What is the remainder when 32 is divided by (66/o)/((-2)/3)?
10
Let d = 38 - 18. Suppose y - d = -2*z, -3*y - 3*z + 0*z + 45 = 0. What is the remainder when 19 is divided by y?
9
Let q = -5 + 12. Suppose -2*y = -4, f + 51 = 2*f - y. Suppose 44 - 14 = 2*m - i, 0 = 5*m + 3*i - f. What is the remainder when m is divided by q?
6
Suppose 4 = 3*o + 25. Let x(m) = -m**3 - 5*m**2 + 9*m - 7. What is the remainder when 83 is divided by x(o)?
27
Let z = -5 - -5. Suppose z = u - 6*u + 45. Suppose 0 = 5*d + 10, -3*k + u + 23 = -d. What is the remainder when 29 is divided by k?
9
Suppose 3*f - 25 = 149. Calculate the remainder when f is divided by 20.
18
Let q = 96 + -68. What is the remainder when 82 is divided by q?
26
Let v = -72 + 215. Suppose 4*o - v = -4*m - m, 102 = 3*o + 2*m. Calculate the remainder when o is divided by 11.
10
Let u = -19 + 87. What is the remainder when u is divided by 14?
12
Let g(d) = 24*d**3 + 2*d - 1. Let v(s) = 3*s**2 + s - 1. Suppose -10 = -2*k - 3*k. What is the remainder when g(1) is divided by v(k)?
12
Let w = 4 - 4. Suppose w = -2*v + 63 + 15. What is the remainder when v is divided by 14?
11
Let j = -14 + 17. Calculate the remainder when 13 is divided by 13/2 + j/6.
6
Let d(f) = -f + 5. Let p(y) = -6*y**3 - y**2 + 1. Let x be p(1). What is the remainder when d(x) is divided by 6?
5
Let s(w) = -7*w**3 + w**2. Let b be s(-1). Let f(c) = 2*c + 10. What is the remainder when f(b) is divided by 9?
8
Let h(j) = -8 - 1 - 4*j + 3. Let n = 46 - 50. Calculate the remainder when h(n) is divided by 4.
2
Suppose -5 = f + 4*f, 5*f + 55 = 5*u. Suppose 3*n + 4*p = 94, -u = -4*n + 4*p + 78. Suppose 8 - n = -3*w. Calculate the remainder when 11 is divided by w.
5
Let f(h) = 8*h**3 - h**2 + 2*h - 1. What is the remainder when 31 is divided by f(1)?
7
Let v be (5 - -1)*2/(-3). Let b be v*(-3)/6 + -2. Suppose b*n = -n + 7. Calculate the remainder when 13 is divided by n.
6
Let t = 61 - 22. What is the remainder when t is divided by 14?
11
Let k = 10 - 6. Suppose -4*j - 3*y + 33 = 0, 2*y = -k*j + 5*y + 39. Calculate the remainder when 25 is divided by j.
7
Suppose 3*z = 113 + 58. Calculate the remainder when 166 is divided by z.
52
Suppose 0 = 11*i - 8*i - 93. Calculate the remainder when i is divided by (-3 + 4/(-4))*-2.
7
Let o be 572/16 + (-2)/(-8). Let d = o + -21. What is the remainder when 72 is divided by d?
12
What is the remainder when 27 is divided by 3*(-160)/(-45)*(-3)/(-2)?
11
Let q = -41 - -69. What is the remainder when q is divided by 10?
8
Let b(o) = -2*o - 6. What is the remainder when 51 is divided by b(-12)?
15
Let n(h) be the third derivative of h**6/120 + h**5/15 + h**4/24 + 2*h**3/3 + 4*h**2. What is the remainder when 17 is divided by n(-3)?
7
Suppose 12 + 11 = w. What is the remainder when 91 is divided by w?
22
What is the remainder when 5*(1 + 4/5) is divided by 2?
1
Suppose 0 = 2*i - i - 29. Calculate the remainder when i is divided by 10.
9
Suppose 2*j + 3*q = 7*j + 37, -q = -2*j - 15. Let o(z) = z**3 - 3*z**2 + 5*z - 5. Calculate the remainder when o(4) is divided by ((-176)/j)/(2*1).
9
Let h = 8 - 1. What is the remainder when 32 is divided by h?
4
Let w = -44 - -73. Calculate the remainder when w is divided by -3*1*(1 + -6).
14
Suppose -21 = -t - 0*t + 3*p, -10 = 2*p. Suppose s - 10 = 3*s. Let j = 11 - s. What is the remainder when j is divided by t?
4
Suppose -1 = 3*l - 7. Suppose -5*u = -l*n + 37, -5*n - 4*u + 19 = -24. Suppose -4*x = 3*x - 28. What is the remainder when n is divided by x?
3
Let g(s) = -s**2 - 5*s + 3. Let k be g(-6). Let l = k + 8. Let a = -9 + 23. Calculate the remainder when a is divided by l.
4
Let h(l) be the first derivative of l**3/3 - 2*l**2 + 4*l - 1. Let n(a) = -a**3 + a**2 - a + 13. Calculate the remainder when h(-5) is divided by n(0).
10
Let h be 1/(1/1*1). Let i(k) be the second derivative of 4*k**5/5 + k**4/12 + 4*k. What is the remainder when i(h) is divided by 9?
8
Let l = -8 - -16. What is the remainder when 30 is divided by l?
6
Let l(w) = 3*w + 1. Calculate the remainder when 24 is divided by l(4).
11
Suppose 7*s - 51 = 4*s. What is the remainder when s is divided by 5?
2
Suppose 3*c - 2 = 2*h - 4, 4 = 5*c + 4*h. Let f = -46 + 65. What is the remainder when f is divided by 5 - -5 - c/(-1)?
9
Let n = -787 - -808. Calculate the remainder when n is divided by (11/4)/(2/8).
10
Let c be -9*-1*(0 + -1). Let i be c/(3/(-21) + 0). Let o = i + -38. C